on factor of w and 351?
13
Suppose -5*w + 6*w - 3 = 0. Suppose -4*o = -4*j + 212, -w = -o - 5. Calculate the highest common divisor of 34 and j.
17
Let f = -879 + 902. What is the greatest common factor of f and 1679?
23
Suppose 4*i - 58 = -0*i - 5*z, 74 = 4*i - 3*z. Let j = -584 + 924. Suppose 0 = -5*k + k + j. What is the highest common divisor of i and k?
17
Suppose 0 = -5*j + j. Suppose f = -j*f + 21. Calculate the greatest common divisor of f and 7.
7
Suppose 0 = 25*k - 5501 - 4749. What is the highest common divisor of 10 and k?
10
Let u be (-4 - -16)/((-3)/(-984)*12). Calculate the greatest common factor of 574 and u.
82
Let w be (86 - 90) + ((-56)/(-1) - 1). Calculate the highest common factor of w and 612.
51
Let v = -11 - -21. Let x(p) = -p**2 - 5*p. Let q be x(-5). Suppose 2*r - 4*c - c = q, 3*r = 4*c + 14. What is the greatest common divisor of v and r?
10
Let s(c) = 6*c**2 - 4*c. Let h be s(4). Suppose 0 = 4*g - 97 - 7. Suppose -2*q = 5*m - g, q + m + 0*m = 10. What is the greatest common divisor of h and q?
8
Let v be -3 + 214 + (-3 - -12). Calculate the greatest common divisor of v and 100.
20
Suppose -10*z + 7*z + 27 = 0. Suppose -5*i = -71 - 19. Calculate the highest common divisor of i and z.
9
Suppose -5*d + 25 = g, -2*g + 4*d = 3*d - 6. Suppose 0*p - 175 = g*p. Let m be (-15)/p - 2343/(-21). What is the highest common divisor of m and 16?
16
Suppose 5*p = 3*t - 565 - 265, 0 = -4*t + 5*p + 1100. Calculate the greatest common divisor of t and 30.
30
Suppose -25 = -v + 6*v. Let o(x) = 3*x**2 + 3*x - 6. Let y be o(v). Let h be ((-9)/6)/(5/(-450)). What is the highest common divisor of y and h?
27
Let c(d) = d**2 + 10*d + 12. Let x be c(-10). Calculate the highest common factor of 3 and x.
3
Let n(c) = -c**3 - 9*c**2 + 12*c + 22. Let t be n(-10). Suppose -t*u = -51 + 23. Calculate the greatest common factor of 126 and u.
14
Let w be 6 + ((-9)/3)/1. Let v be (w - 2)*(-12)/(-4). Let y be -3 - (v/3 - 46). What is the greatest common divisor of 6 and y?
6
Let w = -24 + 26. Let c be w/3*(32 - -4). Calculate the greatest common factor of 72 and c.
24
Suppose 6*l + o + 4 = 8*l, -4*l + 3*o = -4. What is the highest common factor of l and 8?
4
Suppose -1448 = -w + 4*x, -2*w - 51*x + 50*x = -2851. Calculate the highest common factor of 84 and w.
84
Suppose -3903*l = -3898*l - 120. What is the greatest common factor of 104 and l?
8
Let m be (-40)/(-50)*5*1. Suppose -2*a + 224 = -m*x, 5*a - 14 - 6 = 0. Let u = 208 + x. Calculate the highest common factor of 14 and u.
14
Let v(k) = k**3 + 35*k**2 + 32*k - 55. Let h be v(-34). Calculate the highest common factor of h and 52.
13
Let q be (-8)/7 + (-274329)/(-1071). Calculate the highest common divisor of 60 and q.
15
Let r be ((-6)/9 - -2)/(2/3). Suppose 0 = 5*z - 3*d - 133 - 40, r*z - 5*d = 54. Calculate the greatest common divisor of z and 185.
37
Let q(d) = -2*d + 24. Let l be q(10). Suppose l*r = -5*h + 264, -r = -3*h - 0*r + 172. Calculate the greatest common divisor of 7 and h.
7
Let s(p) = p**3 - p**2 + 3*p - 4. Let g be s(2). Suppose v + 24 = 2*v. What is the greatest common divisor of v and g?
6
Let m = -1 - 0. Let y be 1 + -1 + 1/m. Let a be y*(2 - 2*6). What is the highest common divisor of a and 30?
10
Suppose 5*w + 0*o = 3*o + 12, -16 = 4*o. Suppose -5*l + 3*t = -37, w*l + 5*t = -4*l + 37. Calculate the highest common factor of l and 24.
8
Suppose -31*l = -11429 - 5497. Calculate the highest common factor of l and 154.
14
Let i = 70 + -106. Let c be (-7326)/i + 2/(-4). What is the greatest common factor of c and 29?
29
Suppose 7*h - 6*h + 10 = 0. Let s(x) = x**3 + 9*x**2 - 10*x + 6. Let a be s(h). What is the greatest common divisor of 24 and a?
6
Let k(c) = -c**3 + 7*c**2 + c - 3. Let m(l) = l. Let y(b) = k(b) - 4*m(b). Let o be y(5). What is the greatest common factor of 32 and o?
32
Let v(t) = -7*t - 15. Let c be v(-3). Calculate the highest common divisor of 102 and c.
6
Let o(j) = 2*j**3 - 5*j**2 - 5*j + 10. Let g be o(5). Suppose -2*s = w - 65, 2*w = -5*s + 6*s + g. What is the highest common factor of 38 and w?
19
Let h = 175 - 163. Suppose 5*u - 5*d + 4*d - 20 = 0, 0 = 5*u - 4*d - 35. Suppose h = -u*k, -5*k - 5 = f - 0*k. What is the highest common factor of f and 120?
15
Suppose -u = 3*u - 772. Suppose 5*a + q - 479 = -0*q, q + u = 2*a. What is the greatest common factor of 12 and a?
12
Suppose 0 = 4*u - 3*u + 2*x - 6, 4*u - 2*x - 14 = 0. Let n = 3 + u. Let l be 9/(36/(-56))*(-3)/2. What is the highest common factor of l and n?
7
Suppose 0 = 207*b - 209*b + 198. What is the highest common divisor of b and 18?
9
Suppose 3*n + 11*n = 168. Calculate the highest common factor of n and 16.
4
Let n = -99 + 144. What is the greatest common factor of 75 and n?
15
Let s = 40 - 29. Suppose g - 6 - 12 = 3*d, -4*g - 2*d + 142 = 0. Calculate the highest common factor of s and g.
11
Let v(u) = u**3 - 5*u**2 - 3*u - 1. Let r be v(4). Let d(z) = -3*z - 51. Let a be d(0). Let n = r - a. What is the highest common divisor of n and 110?
22
Let j = -14 - -32. Suppose -4*h + 5 = -11, g - j = -3*h. Let c(l) = -l**3 - 5*l**2 - 14*l - 22. Let a be c(-4). What is the highest common divisor of g and a?
6
Let p(v) = v + 223. Let o be p(-34). What is the highest common factor of o and 21?
21
Let z = -87 + 552. Calculate the greatest common divisor of z and 186.
93
Let y be 2 - -24 - 3/3*-2. What is the highest common divisor of 16 and y?
4
Let y(n) = -4*n + 2. Let d be y(-3). Let r be -84*(-75)/90*8/10. What is the greatest common factor of r and d?
14
Suppose -4*t + 4 = -6*t. Let r be (-1)/2 - 97/t. Suppose 0 = -5*o + 2*o + r. What is the greatest common factor of 144 and o?
16
Suppose 0 = -377*d + 382*d - 355. What is the greatest common factor of d and 1136?
71
Let x be -1*(-48)/2 - (-246)/(-82). Calculate the greatest common factor of x and 168.
21
Let z = -435 + 633. Let y be 2261/646*(74/14 - -1). What is the greatest common factor of y and z?
22
Suppose 0 = -4*g - 5*q + 78, -87 = -5*g - 7*q + 9. Let j be 1 - -1 - 174*-1. Calculate the greatest common divisor of j and g.
22
Let h be ((-12)/36)/((-5)/1020). Calculate the greatest common factor of 578 and h.
34
Suppose -13*z + 1244 + 1200 = 0. What is the greatest common factor of 4 and z?
4
Let p be (1*2)/(23/(-506)). Let i be 4 - (10904/p + 2/(-11)). What is the greatest common divisor of 28 and i?
28
Let r be (495/20)/((6/(-8))/(-3)). What is the highest common divisor of 11 and r?
11
Suppose -v = 2*v - 21. Suppose -v*l = -101 - 74. Calculate the highest common factor of l and 100.
25
Suppose 24 = 9*h - 219. Let q(b) = 2*b - 1. Let p be q(5). Calculate the greatest common divisor of p and h.
9
Let l = 1671 + -1627. Suppose -2*g + 62 = 4*j - 66, -5*j + g = -167. Calculate the highest common divisor of j and l.
11
Suppose -6*g + 37 + 29 = 0. Suppose -22 = -32*h + 30*h. What is the greatest common divisor of h and g?
11
Let w be 9/(-3) + (-12)/(-2). Let x(p) be the third derivative of -p**4/6 - p**3/2 - 5*p**2. Let q be x(-6). Calculate the highest common divisor of w and q.
3
Let m = -40 - -123. Let z be 566/10 + 18/45. Let h = m - z. What is the greatest common factor of 13 and h?
13
Let w = -17 + 29. Suppose -x = -w - 18. Calculate the greatest common factor of 270 and x.
30
Suppose 0 = -4*m + 444 - 64. What is the greatest common factor of 133 and m?
19
Let d(w) = w + 18. Let k be d(-15). Suppose -23 = -4*h - k*i, -3*i = -4*h - 4*i + 29. Calculate the greatest common divisor of h and 8.
8
Let w = 1 + -1. Suppose w = v - 5*d - 280, -2*d = 2*v + 2*d - 560. Let p be ((6 - 62)/(-7) - (1 + 3))*7. What is the highest common divisor of v and p?
28
Let t be 171/33 - (32/44)/4. Let w(m) = -m**3 - 2*m. Let q be w(-3). Suppose q = t*k - 12. What is the greatest common factor of 27 and k?
9
Let j(x) = -x**3 + 5*x**2 + 11*x - 4. Let l be j(7). Let n be l/10*1*-2. Calculate the greatest common factor of n and 45.
5
Suppose 24 - 44 = 4*j, 0 = -5*t - 3*j + 14685. What is the highest common divisor of 60 and t?
60
Let u = 693 - 613. Calculate the greatest common divisor of u and 520.
40
Suppose 0 = 4*c + c + z + 24, -16 = c + 3*z. Let v be (1 + -4 - c)/((-1)/(-41)). What is the highest common divisor of v and 41?
41
Suppose 0 = -i - i - 4, 4*i + 14 = 3*